
41
Let f(y) = 5*y**3 - 14*y**2 - 133*y - 236. Determine f(-4).
-248
Let g(a) = -4*a**3 - 2572*a**2 + 2609*a + 21259. Give g(-644).
7
Let j(b) = 1146*b + 39740. Calculate j(-34).
776
Let m(a) = -4*a**3 - 234*a**2 + 874*a + 367. Give m(-62).
-5
Let i(z) = 307*z**2 - 11360*z + 42. Calculate i(37).
5
Let q(l) = -l**3 - 184*l**2 - 754*l - 6117. Determine q(-180).
3
Let q(t) = -208*t + 29. Give q(1).
-179
Let v(l) = -165*l**3 - 4*l**2 - 245*l - 477. Give v(-2).
1317
Let x(r) = 1056*r**2 + 7389*r - 1. Determine x(-7).
20
Let c(p) = 3974*p - 51720. Determine c(13).
-58
Let t(v) = 2873*v - 32746. Give t(12).
1730
Let q(m) = -m**3 - 151*m**2 + 5*m + 785. Give q(-151).
30
Let q(b) = 32716*b - 2780865. Give q(85).
-5
Let s(x) = 4195*x + 71287. What is s(-17)?
-28
Let x(a) = -6915*a + 1590416. What is x(230)?
-34
Let a(m) = 2*m**3 - 346*m**2 + 586*m - 41648. Calculate a(172).
-24
Let x(b) = 613*b + 604. Give x(-1).
-9
Let i(h) = -h**3 + 1442*h**2 + 68425*h - 1052. Calculate i(-46).
6
Let g(v) = -412*v**2 + 69226*v - 1683. Give g(168).
-3
Let k(p) = -66*p + 7110. What is k(107)?
48
Let n(k) = 10*k**3 - 71*k**2 + 46*k - 386. Calculate n(7).
-113
Let u(l) = 2*l**2 - 2461*l + 162490. Calculate u(70).
20
Let w(f) = -11*f**3 + 265*f**2 - 897*f - 43. What is w(20)?
17
Let q(h) = -6*h**2 - 539*h - 6970. Give q(-74).
60
Let y(j) = -2*j**2 - 28*j + 537. Calculate y(-32).
-615
Let j(v) = 7*v**2 + 396*v + 758. Give j(-2).
-6
Let q(h) = -3*h**3 - 60*h**2 + 5*h + 95. Calculate q(-20).
-5
Let w(o) = -14718*o + 868569. What is w(59)?
207
Let z(a) = -1250*a + 8253. Give z(7).
-497
Let z(m) = 1159*m - 349. What is z(0)?
-349
Let j(s) = -46*s**2 - 70*s + 219. Determine j(3).
-405
Let y(c) = 344*c**3 + 4*c**2 - 175*c - 179. Give y(-1).
-344
Let p(t) = -31*t**3 - 248*t**2 - 46*t - 370. Determine p(-8).
-2
Let v(t) = -467*t - 5665. Calculate v(-12).
-61
Let j(i) = 1130*i - 21469. Give j(19).
1
Let t(i) = 7*i**2 + 1732*i + 32467. Calculate t(-227).
6
Let r(p) = 2*p**3 - 496*p**2 + 5217*p - 757. Determine r(237).
-46
Let h(c) = -3*c**3 - 920*c**2 + 359*c + 16009. Determine h(-307).
45
Let l(a) = 11*a**3 - 450*a**2 - 28*a - 531. What is l(41)?
2
Let x(q) = -q**3 + 23*q**2 - 228*q + 4252. Determine x(22).
-280
Let l(b) = b**2 + 104*b - 4605. Give l(-139).
260
Let u(m) = -m**2 + 694*m + 24772. Determine u(-34).
20
Let r(i) = 601*i - 94941. Give r(158).
17
Let m(r) = -1540*r**3 - 40041*r**2 - 40*r - 90. Give m(-26).
274
Let n(k) = -8*k**3 + 2875*k**2 + 4694*k - 374. Give n(361).
-13
Let r(h) = -2039*h**2 - 5*h - 6. Calculate r(-1).
-2040
Let k(d) = d**3 + 41*d**2 - 17*d - 6098. Give k(-37).
7
Let h(s) = 2*s**3 + 82*s**2 + 356*s + 22719. Give h(-43).
15
Let i(t) = 40*t - 1248. Determine i(-1).
-1288
Let s(n) = -122146*n + 3297975. Calculate s(27).
33
Let f(j) = j**2 - 204*j - 205865. What is f(-363)?
-44
Let r(x) = 39324*x - 471888. Give r(12).
0
Let l(s) = -s**3 + 197*s**2 + 1527*s - 20200. What is l(204)?
-4
Let b(x) = x**2 - 3037*x + 2304046. Determine b(1476).
10
Let a(t) = -t**3 - 125*t**2 - 3398*t + 3840. Determine a(-84).
-24
Let b(j) = -3*j**3 - 12*j + 167. Give b(11).
-3958
Let v(g) = -2*g**2 + 18023*g + 108122. What is v(-6)?
-88
Let n(r) = r**3 + 62*r**2 - 150*r - 1403. What is n(-64)?
5
Let n(m) = 2*m**2 + 202*m - 241. Determine n(-103).
171
Let h(s) = -3490*s + 792178. Determine h(227).
-52
Let z(x) = -5*x**2 + 33*x - 184. Give z(6).
-166
Let n(s) = 10*s**2 - 171*s - 43. Determine n(16).
-219
Let g(d) = 12*d**2 - 513*d - 35763. Give g(80).
-3
Let z(h) = -718*h**2 - 9943*h + 25. What is z(-14)?
-1501
Let q(m) = -324*m**3 + 71*m**2 - 63*m - 7. Determine q(1).
-323
Let t(m) = 163*m**2 - 2796*m + 807. What is t(17)?
382
Let i(c) = 135660*c**2 + 2713200*c + 1. What is i(-20)?
1
Let x(n) = n**2 - 13238*n + 830022. Give x(63).
-3
Let w(n) = n**2 + 1452*n + 22034. Determine w(-15).
479
Let a(u) = 9305*u + 9007261. Determine a(-968).
21
Let u(m) = -m**2 + 215*m - 7427. Give u(172).
-31
Let m(t) = 110*t**2 + 38*t - 148. Determine m(1).
0
Let l(o) = -o**2 + 406*o + 60539. Determine l(-116).
-13
Let j(z) = 10*z**2 - 2532*z - 34062. Determine j(266).
-14
Let g(w) = w**3 - 4*w**2 - 4988*w + 24918. Determine g(5).
3
Let m(t) = -151*t - 16415. Give m(-108).
-107
Let s(r) = -770*r**2 + 108575*r - 721. Determine s(141).
-16
Let y(r) = 6*r**3 - 56*r**2 - 2*r + 57. What is y(9)?
-123
Let r(p) = 120*p - 134. What is r(-6)?
-854
Let r(h) = -18*h**2 - 881*h - 50. Determine r(0).
-50
Let i(a) = -1608*a + 4761. Calculate i(2).
1545
Let g(y) = 635*y + 81397. What is g(-128)?
117
Let y(g) = 11*g**3 - 150*g**2 + 294*g - 38. Determine y(11).
-313
Let l(b) = 103*b**2 - 4021*b + 162. Calculate l(39).
6
Let i(u) = 6*u**2 - 318*u + 2290. What is i(45)?
130
Let m(l) = -l**2 - 13*l + 3267. Give m(-64).
3
Let p(r) = -2512*r + 301433. What is p(120)?
-7
Let f(j) = 25*j**2 - 1351*j + 1345. Determine f(1).
19
Let f(x) = -x**3 + 506*x**2 - 60526*x - 117. Determine f(312).
507
Let x(t) = -12448*t - 12955. Give x(-1).
-507
Let y(a) = -18171*a + 23531445. Give y(1295).
0
Let t(k) = k**3 + 3*k**2 + 45*k - 193. Give t(0).
-193
Let o(r) = 1187041*r + 4748164. What is o(-4)?
0
Let q(v) = -v**2 + 635*v - 26049. Determine q(44).
-45
Let c(n) = n**3 - 82*n**2 + 781*n + 3369. What is c(15)?
9
Let f(p) = -303*p + 1204. What is f(10)?
-1826
Let p(k) = -53*k**3 - 1111*k**2 - 12*k - 1073. Determine p(-21).
61
Let t(a) = 5090*a + 147604. What is t(-29)?
-6
Let m(h) = 28*h**2 - 731*h - 15. Determine m(26).
-93
Let g(o) = -333*o - 11203. Give g(-36).
785
Let d(b) = b**2 + 8706*b - 738366. What is d(84)?
-6
Let t(b) = 2*b**3 + 75*b**2 + 135*b - 1411. Give t(-35).
-11
Let w(m) = 1446*m + 36106. Calculate w(-25).
-44
Let n(j) = -480*j - 18189. Determine n(-35).
-1389
Let i(h) = -1475*h + 365824. Calculate i(248).
24
Let n(i) = -35*i**2 - 665*i - 2398. Give n(-5).
52
Let z(l) = -2245335*l + 42661360. Give z(19).
-5
Let l(b) = 106*b**2 + 81200*b + 3062. Give l(-766).
-2
Let b(w) = 12799*w + 114956. Give b(-9).
-235
Let v(k) = k**2 - 87*k + 2057. What is v(54)?
275
Let c(p) = 2028*p - 507006. Give c(250).
-6
Let r(s) = 412*s + 16298. Determine r(-39).
230
Let t(m) = 252*m**2 - 1006*m - 41. What is t(4)?
-33
Let y(a) = -4*a**2 + 442*a - 5068. Determine y(12).
-340
Let d(u) = -u**2 - 56*u - 863. Calculate d(-42).
-275
Let c(x) = 1634*x + 58767. Determine c(-36).
-57
Let l(i) = i**2 - 8470*i + 1051335. Calculate l(126).
-9
Let u(l) = 11*l**3 - 827*l**2 + 105*l + 3355. Give u(75).
-20
Let a(v) = v**3 + 73*v**2 + 170*v + 2029. Calculate a(-71).
41
Let u(a) = 35245*a + 1445163. Calculate u(-41).
118
Let s(o) = o**3 - 284*o**2 + 843*o - 423. What is s(281)?
-423
Let n(k) = 219*k**2 + 2218*k + 300. Give n(-10).
20
Let p(a) = -5*a**2 + 174*a - 1747. Determine p(15).
-262
Let z(s) = s**3 + 13*s**2 - 284*s - 5132. Give z(-18).
-1640
Let p(k) = 34*k + 528. Determine p(15).
1038
Let z(r) = 1048*r + 4088. Determine z(-4).
-104
Let i(p) = 243*p + 70031. What is i(-288)?
47
Let u(n) = 2*n**3 - 389*n**2 + 182*n + 2319. Determine u(194).
-9
Let g(d) = 66*d**2 + 1645*d + 78. Calculate g(-24).
-1386
Let v(x) = -1862*x**2 - 106354*x - 12533. Determine v(-57).
7
Let s(k) = 27946*k + 670351. Give s(-24).
-353
Let i(y) = -y**2 + 948*y + 8260901. Calculate i(-2439).
8
Let y(l) = 32*l**3 + 549*l**2 + 9*l + 100. Give y(-17).
1392
Let f(j) = -7*j**3 - 183*j**2 - 1401*j - 1220. Determine f(-1).
5
Let a(y) = -2*y**3 - 51*y**2 + 191. Give a(-25).
-434
Let k(t) = -48*t - 17510. Calculate k(-357).
-374
Let b(s) = s**2 - 9855*s + 196695. What is b(20)?
-5
Let x(j) = 2*j**3 + 15*j**2 + j + 161. Calculate x(-11).
-697
Let f(q) = -2505488*q - 30065845. What is f(-12)?
11
Let v(w) = 4*w**3 + 104*w**2 - 55*w - 511. Calculate v(-26).
919
Let w(z) = z**3 + 50*z**2 + 192*z + 1941. Calculate w(-47).
-456
Let n(s) = 3*s**3 - 1265*s**2 + 2113*s - 5461. Calculate n(420).
-1
Let q(o) = -4*o**3 + 62*o**2 + 406*o + 87. Calculate q(-5).
107
Let y(a) = -4*a**3 - 72*a**2 + 1297*a - 385. Determine y(11).
-154
Let r(t) = -t**3 + 16*t**2 + 270*t - 2558. Give r(22).
478
Let f(o) = -2*o**3 - 111*o**2 - 127*o - 1360. Give f(-55).
2600
Let w(c) = 14*c**2 + 88*c + 954. What is w(-12)?
1914
Let b(s) = s**3 - 89*s**2 - 5670*s + 43. Give b(-43).
-215
Let t(d) = d**3 - 14*d**2 - 33*d - 57. W